{"id":11,"date":"2020-06-07T21:33:37","date_gmt":"2020-06-07T19:33:37","guid":{"rendered":"http:\/\/trojahn-metallbau.de\/?page_id=11"},"modified":"2022-10-30T13:09:38","modified_gmt":"2022-10-30T11:09:38","slug":"schluesseldienst","status":"publish","type":"page","link":"https:\/\/www.trojahn-metallbau.de\/?page_id=11","title":{"rendered":"Schl\u00fcsseldienst"},"content":{"rendered":"<table>\n<tbody>\n<tr>\n<th><img class=\"wp-image-85\" style=\"width: 200px;\" src=\"https:\/\/www.trojahn-metallbau.de\/wp-content\/uploads\/2020\/06\/Bild_Schluessel_quer_4.jpg\" alt=\"\">_<\/th>\n<th><img class=\"wp-image-87\" style=\"width: 200px;\" src=\"https:\/\/www.trojahn-metallbau.de\/wp-content\/uploads\/2020\/06\/Bild_Schluesselfraese_2.jpg\" alt=\"\">_<\/th>\n<th><img class=\"wp-image-89\" style=\"width: 200px;\" src=\"https:\/\/www.trojahn-metallbau.de\/wp-content\/uploads\/2020\/06\/Bild_Scliessmechanismus_1-rotated-e1592136943594-300x193.jpg\" alt=\"\"><\/th>\n<\/tr>\n<\/tbody>\n<\/table>\n\n\n<p class=\"has-text-align-left\">Sie haben sich ausgeschlossen oder k\u00f6nnen Ihre T\u00fcr nicht mehr \u00f6ffnen und ben\u00f6tigen kurzfristige, zuverl\u00e4ssige und professionelle Hilfe? Sei es eine Wohnungst\u00fcr, eine Haust\u00fcr oder ein Tresor, der sich nicht mehr \u00f6ffnen l\u00e4sst. Wir setzen alles daran, mit unserem \u00fcber die Jahre kontinuierlich erworbenem Wissen durch t\u00e4glichen Einsatz sowie durch Fortbildungsma\u00dfnahmen Ihre T\u00fcr zu \u00f6ffnen. Egal, ob &#8222;nur&#8220; ausgesperrt, Schl\u00fcssel im Schloss abgebrochen oder ein T\u00fcrdefekt vorliegt, wir \u00f6ffnen die T\u00fcr professionell und in k\u00fcrzester Zeit &#8211; und dies zu absolut fairen Preisen. Unser oberstes Bestreben ist es, die Kosten f\u00fcr Sie so gering wie m\u00f6glich zu halten. Aber wichtiger ist uns, einen zufriedenen Kunden zu gewinnen. Dazu geh\u00f6rt auch, die T\u00fcr, egal ob Wohnungs-, Haus- oder Tresort\u00fcr, besch\u00e4digungsfrei zu \u00f6ffnen. <br>Sie erreichen uns unter der Mobilnummer<strong> 0174 \/ 9272633<\/strong>. <br>Unser Service steht Ihnen an 7 Tagen die Woche zwischen 06:00 Uhr und 24:00 Uhr zur Verf\u00fcgung. <br> <!--Zwischen 24:00 Uhr und 06:00 Uhr steht Ihnen unser Notdienst zur Verf\u00fcgung, welchen Sie ebenfalls unter der Telefonnummer <strong>0174 \/ 9272633<\/strong> erreichen. Wir garantieren Ihnen, dass sich zu jeder Tages- und Nachtzeit ein Experte um Ihr Anliegen k\u00fcmmert.--> <\/p>\n","protected":false},"excerpt":{"rendered":"<p>_ _ Sie haben sich ausgeschlossen oder k\u00f6nnen Ihre T\u00fcr nicht mehr \u00f6ffnen und ben\u00f6tigen kurzfristige,...","protected":false},"author":1,"featured_media":0,"parent":0,"menu_order":0,"comment_status":"closed","ping_status":"closed","template":"","meta":[],"yoast_head":"<!-- This site is optimized with the Yoast SEO plugin v19.9 - https:\/\/yoast.com\/wordpress\/plugins\/seo\/ -->\n<title>Schl\u00fcsseldienst - Trojahn-Metallbau<\/title>\n<meta name=\"description\" content=\"Trojahn-Metallbau Schl\u00fcsseldienst Metallbau Stahl Metall Schl\u00fcsseldienst Schl\u00fcssel Schicherheit Schlosserei\" \/>\n<meta name=\"robots\" content=\"index, follow, max-snippet:-1, max-image-preview:large, max-video-preview:-1\" \/>\n<link rel=\"canonical\" href=\"https:\/\/www.trojahn-metallbau.de\/?page_id=11\" \/>\n<meta property=\"og:locale\" content=\"de_DE\" \/>\n<meta property=\"og:type\" content=\"article\" \/>\n<meta property=\"og:title\" content=\"Schl\u00fcsseldienst - Trojahn-Metallbau\" \/>\n<meta property=\"og:description\" content=\"Trojahn-Metallbau Schl\u00fcsseldienst Metallbau Stahl Metall Schl\u00fcsseldienst Schl\u00fcssel Schicherheit Schlosserei\" \/>\n<meta property=\"og:url\" content=\"https:\/\/www.trojahn-metallbau.de\/?page_id=11\" \/>\n<meta property=\"og:site_name\" content=\"Trojahn-Metallbau\" \/>\n<meta property=\"article:modified_time\" content=\"2022-10-30T11:09:38+00:00\" \/>\n<meta property=\"og:image\" content=\"https:\/\/www.trojahn-metallbau.de\/wp-content\/uploads\/2020\/06\/Bild_Schluessel_quer_4.jpg\" \/>\n<meta name=\"twitter:card\" content=\"summary_large_image\" \/>\n<meta name=\"twitter:label1\" content=\"Gesch\u00e4tzte Lesezeit\" \/>\n\t<meta name=\"twitter:data1\" content=\"2\u00a0Minuten\" \/>\n<script type=\"application\/ld+json\" class=\"yoast-schema-graph\">{\"@context\":\"https:\/\/schema.org\",\"@graph\":[{\"@type\":\"WebPage\",\"@id\":\"https:\/\/www.trojahn-metallbau.de\/?page_id=11\",\"url\":\"https:\/\/www.trojahn-metallbau.de\/?page_id=11\",\"name\":\"Schl\u00fcsseldienst - Trojahn-Metallbau\",\"isPartOf\":{\"@id\":\"https:\/\/www.trojahn-metallbau.de\/#website\"},\"datePublished\":\"2020-06-07T19:33:37+00:00\",\"dateModified\":\"2022-10-30T11:09:38+00:00\",\"description\":\"Trojahn-Metallbau Schl\u00fcsseldienst Metallbau Stahl Metall Schl\u00fcsseldienst Schl\u00fcssel Schicherheit Schlosserei\",\"breadcrumb\":{\"@id\":\"https:\/\/www.trojahn-metallbau.de\/?page_id=11#breadcrumb\"},\"inLanguage\":\"de\",\"potentialAction\":[{\"@type\":\"ReadAction\",\"target\":[\"https:\/\/www.trojahn-metallbau.de\/?page_id=11\"]}]},{\"@type\":\"BreadcrumbList\",\"@id\":\"https:\/\/www.trojahn-metallbau.de\/?page_id=11#breadcrumb\",\"itemListElement\":[{\"@type\":\"ListItem\",\"position\":1,\"name\":\"Startseite\",\"item\":\"https:\/\/www.trojahn-metallbau.de\/\"},{\"@type\":\"ListItem\",\"position\":2,\"name\":\"Schl\u00fcsseldienst\"}]},{\"@type\":\"WebSite\",\"@id\":\"https:\/\/www.trojahn-metallbau.de\/#website\",\"url\":\"https:\/\/www.trojahn-metallbau.de\/\",\"name\":\"Trojahn-Metallbau\",\"description\":\"Schlosserei - Metallbau - Schl\u00fcsseldienst\",\"publisher\":{\"@id\":\"https:\/\/www.trojahn-metallbau.de\/#organization\"},\"potentialAction\":[{\"@type\":\"SearchAction\",\"target\":{\"@type\":\"EntryPoint\",\"urlTemplate\":\"https:\/\/www.trojahn-metallbau.de\/?s={search_term_string}\"},\"query-input\":\"required name=search_term_string\"}],\"inLanguage\":\"de\"},{\"@type\":\"Organization\",\"@id\":\"https:\/\/www.trojahn-metallbau.de\/#organization\",\"name\":\"Trojahn Metallbau\",\"url\":\"https:\/\/www.trojahn-metallbau.de\/\",\"logo\":{\"@type\":\"ImageObject\",\"inLanguage\":\"de\",\"@id\":\"https:\/\/www.trojahn-metallbau.de\/#\/schema\/logo\/image\/\",\"url\":\"https:\/\/www.trojahn-metallbau.de\/wp-content\/uploads\/2020\/06\/Logo_mit_Schriftzug-1.jpg\",\"contentUrl\":\"https:\/\/www.trojahn-metallbau.de\/wp-content\/uploads\/2020\/06\/Logo_mit_Schriftzug-1.jpg\",\"width\":265,\"height\":291,\"caption\":\"Trojahn Metallbau\"},\"image\":{\"@id\":\"https:\/\/www.trojahn-metallbau.de\/#\/schema\/logo\/image\/\"}}]}<\/script>\n<!-- \/ Yoast SEO plugin. -->","yoast_head_json":{"title":"Schl\u00fcsseldienst - Trojahn-Metallbau","description":"Trojahn-Metallbau Schl\u00fcsseldienst Metallbau Stahl Metall Schl\u00fcsseldienst Schl\u00fcssel Schicherheit Schlosserei","robots":{"index":"index","follow":"follow","max-snippet":"max-snippet:-1","max-image-preview":"max-image-preview:large","max-video-preview":"max-video-preview:-1"},"canonical":"https:\/\/www.trojahn-metallbau.de\/?page_id=11","og_locale":"de_DE","og_type":"article","og_title":"Schl\u00fcsseldienst - Trojahn-Metallbau","og_description":"Trojahn-Metallbau Schl\u00fcsseldienst Metallbau Stahl Metall Schl\u00fcsseldienst Schl\u00fcssel Schicherheit Schlosserei","og_url":"https:\/\/www.trojahn-metallbau.de\/?page_id=11","og_site_name":"Trojahn-Metallbau","article_modified_time":"2022-10-30T11:09:38+00:00","og_image":[{"url":"https:\/\/www.trojahn-metallbau.de\/wp-content\/uploads\/2020\/06\/Bild_Schluessel_quer_4.jpg"}],"twitter_card":"summary_large_image","twitter_misc":{"Gesch\u00e4tzte Lesezeit":"2\u00a0Minuten"},"schema":{"@context":"https:\/\/schema.org","@graph":[{"@type":"WebPage","@id":"https:\/\/www.trojahn-metallbau.de\/?page_id=11","url":"https:\/\/www.trojahn-metallbau.de\/?page_id=11","name":"Schl\u00fcsseldienst - Trojahn-Metallbau","isPartOf":{"@id":"https:\/\/www.trojahn-metallbau.de\/#website"},"datePublished":"2020-06-07T19:33:37+00:00","dateModified":"2022-10-30T11:09:38+00:00","description":"Trojahn-Metallbau Schl\u00fcsseldienst Metallbau Stahl Metall Schl\u00fcsseldienst Schl\u00fcssel Schicherheit Schlosserei","breadcrumb":{"@id":"https:\/\/www.trojahn-metallbau.de\/?page_id=11#breadcrumb"},"inLanguage":"de","potentialAction":[{"@type":"ReadAction","target":["https:\/\/www.trojahn-metallbau.de\/?page_id=11"]}]},{"@type":"BreadcrumbList","@id":"https:\/\/www.trojahn-metallbau.de\/?page_id=11#breadcrumb","itemListElement":[{"@type":"ListItem","position":1,"name":"Startseite","item":"https:\/\/www.trojahn-metallbau.de\/"},{"@type":"ListItem","position":2,"name":"Schl\u00fcsseldienst"}]},{"@type":"WebSite","@id":"https:\/\/www.trojahn-metallbau.de\/#website","url":"https:\/\/www.trojahn-metallbau.de\/","name":"Trojahn-Metallbau","description":"Schlosserei - Metallbau - Schl\u00fcsseldienst","publisher":{"@id":"https:\/\/www.trojahn-metallbau.de\/#organization"},"potentialAction":[{"@type":"SearchAction","target":{"@type":"EntryPoint","urlTemplate":"https:\/\/www.trojahn-metallbau.de\/?s={search_term_string}"},"query-input":"required name=search_term_string"}],"inLanguage":"de"},{"@type":"Organization","@id":"https:\/\/www.trojahn-metallbau.de\/#organization","name":"Trojahn Metallbau","url":"https:\/\/www.trojahn-metallbau.de\/","logo":{"@type":"ImageObject","inLanguage":"de","@id":"https:\/\/www.trojahn-metallbau.de\/#\/schema\/logo\/image\/","url":"https:\/\/www.trojahn-metallbau.de\/wp-content\/uploads\/2020\/06\/Logo_mit_Schriftzug-1.jpg","contentUrl":"https:\/\/www.trojahn-metallbau.de\/wp-content\/uploads\/2020\/06\/Logo_mit_Schriftzug-1.jpg","width":265,"height":291,"caption":"Trojahn Metallbau"},"image":{"@id":"https:\/\/www.trojahn-metallbau.de\/#\/schema\/logo\/image\/"}}]}},"_links":{"self":[{"href":"https:\/\/www.trojahn-metallbau.de\/index.php?rest_route=\/wp\/v2\/pages\/11"}],"collection":[{"href":"https:\/\/www.trojahn-metallbau.de\/index.php?rest_route=\/wp\/v2\/pages"}],"about":[{"href":"https:\/\/www.trojahn-metallbau.de\/index.php?rest_route=\/wp\/v2\/types\/page"}],"author":[{"embeddable":true,"href":"https:\/\/www.trojahn-metallbau.de\/index.php?rest_route=\/wp\/v2\/users\/1"}],"replies":[{"embeddable":true,"href":"https:\/\/www.trojahn-metallbau.de\/index.php?rest_route=%2Fwp%2Fv2%2Fcomments&post=11"}],"version-history":[{"count":15,"href":"https:\/\/www.trojahn-metallbau.de\/index.php?rest_route=\/wp\/v2\/pages\/11\/revisions"}],"predecessor-version":[{"id":272,"href":"https:\/\/www.trojahn-metallbau.de\/index.php?rest_route=\/wp\/v2\/pages\/11\/revisions\/272"}],"wp:attachment":[{"href":"https:\/\/www.trojahn-metallbau.de\/index.php?rest_route=%2Fwp%2Fv2%2Fmedia&parent=11"}],"curies":[{"name":"wp","href":"https:\/\/api.w.org\/{rel}","templated":true}]}}